 = a**3 - 5*a**2 + 5*a - 2. Let z = -55 - -58. Determine t(z).
-5
Let f(a) = -417*a**3 - 9*a**2 + 206*a**3 + 10*a + 210*a**3 - 10. Give f(-10).
-10
Suppose -2*n - 2 + 0 = 0, -21 = 4*r + n. Let s(b) be the third derivative of 0*b + 1/24*b**4 + 7/6*b**3 + 4*b**2 + 1/120*b**6 + 1/12*b**5 + 0. What is s(r)?
2
Suppose -6 = 2*n, -q + 3 = n + 5. Let r(i) = 5*i - 1. Let z(a) = -10*a + 2. Let k(h) = 9*r(h) + 4*z(h). Calculate k(q).
4
Let b(w) = -w**3 + w**2 + 1. Let o(h) = -6*h**3 - h**2 - h. Let x(n) = 5*b(n) - o(n). Calculate x(-6).
-1
Suppose -m + 5*m + 4*u = 208, 4*m = 3*u + 222. Let f(y) = y**3 - 4*y + 50*y**2 + 1 + 0*y - m*y**2 - 2*y. Determine f(5).
-4
Let m(n) be the second derivative of n**5/20 - n**4/3 + n**3/3 + 3*n**2/2 - 4*n. Let o be m(3). Let l(y) = y**3 - y + 1. Give l(o).
1
Let h be (-7)/((-147)/(-6)) + 66/(-14). Let j(w) = w**2 + 3*w + 2. Calculate j(h).
12
Let k(o) = o**2 + 2*o - 2. Let j(z) = -3*z**2 - 5*z + 5. Let t(h) = 4*j(h) + 9*k(h). Calculate t(-2).
-6
Suppose 4*b - 13 - 3 = 0. Let k(o) be the second derivative of o**3/3 - 2*o**2 - 15*o. What is k(b)?
4
Let s(u) = -4*u - 8. Let m(j) = -j. Let i(z) = -3*m(z) + s(z). Let r be -3 + 1 + 1 + 1. Suppose r = -3*c - 2*c. Calculate i(c).
-8
Let w(h) = -h + 1. Let g(c) = -1. Let m(i) = i**2 - 6*i - 6. Let n(l) = 5*g(l) - m(l). Let f be n(7). What is w(f)?
7
Let h(y) = -2*y + 12. Let w be h(6). Suppose p - 7 = -3*x - 0, x - 2*p = 0. Let l(a) = 0*a**3 + x*a**2 - a**2 - 5 + a**3. Determine l(w).
-5
Let u(p) = -6*p + 8 + 3*p + 0*p. Determine u(6).
-10
Let t = -31 + 27. Let b(a) = 3*a + 13. Let c(k) = -k - 7. Let r(q) = -3*b(q) - 5*c(q). Calculate r(t).
12
Let b = 1 - -4. Suppose 2 = -3*x - 0*x + 2*t, 22 = b*x + 3*t. Let p(i) = -4*i - x*i**2 - 2 - 1 - i. Determine p(-3).
-6
Suppose -2*b + 13 = -1. Let o(j) be the third derivative of -j**5/60 + j**4/3 - j**3/3 + 8*j**2. Calculate o(b).
5
Let p(t) be the second derivative of t**5/20 - t**3/2 + 3*t**2/2 - 10*t. Give p(2).
5
Suppose 15 = 6*j - j. Let n(x) = -x + j + x + x. Suppose -5*l + 5*u = 15, 4*u - 4 = 2*l + u. Give n(l).
-2
Let m(k) = 2*k**2 - k - 2. Suppose y - 3*y = -4. Let d = 4 - y. Calculate m(d).
4
Let f(i) be the first derivative of 1/2*i**2 + 2 + i. Suppose 4*r = -8 - 8. Determine f(r).
-3
Let d(w) be the third derivative of -w**4/24 - w**3/3 - 3*w**2. Calculate d(-2).
0
Let m = 11 + 19. Suppose -5*l = 5*b - m, 6 = 5*b + 4*l - 25. Suppose 3*k = -b - 8. Let x(o) = -o**3 - 5*o**2 + o + 6. Calculate x(k).
1
Let z(m) = -m + 2. Suppose -8*q + 65 = -3*q. Suppose 0 = -2*j + 5*v - q, -2*j - 4*v + 8 = -24. Give z(j).
-4
Let m(n) = 2*n + 0*n - n. Let f(y) = -2*y. Let p(h) = 6*h. Let r(l) = 7*f(l) + 2*p(l). Let u be r(2). What is m(u)?
-4
Let t(m) = -m**2 - 3*m - 2*m + 0*m + 5 + 3. Let l be t(-6). Let j(d) = 2*d**2 + 2 + 0 - 4*d + 0*d**2. Give j(l).
2
Let x(a) = -a**2 + 5*a - 4. Let m(b) = 1. Let f(r) = 6*m(r) + x(r). Determine f(4).
6
Let q(a) be the second derivative of -a**5/20 - 7*a**4/12 - 7*a**3/6 - 4*a**2 - 10*a. Calculate q(-6).
-2
Let z(b) be the second derivative of b**5/20 - b**4/12 + b**3/6 + 3*b**2 + b. Suppose 2*q = 6 + 34. Let l = 20 - q. What is z(l)?
6
Let f(p) = -7*p - 9. Let k(n) = -3*n - 4. Let l(s) = -4*f(s) + 9*k(s). Calculate l(-7).
-7
Suppose 13 = 5*v + 3. Let p(h) = -h**3 + 6*h**2 + 2. Let l be p(6). Let u(j) = 6 - 3*j - j + 0*j**2 - 3 + 3*j**l. Calculate u(v).
7
Let m(p) = 7*p - 5 + 3*p**3 + 2*p - 1 + 5*p**2 - 4*p**3. What is m(6)?
12
Let d(a) = -34*a**3 - 5*a**2 - a + 9. Let p(t) = -34*t**3 - 4*t**2 - t + 7. Let l(i) = -4*d(i) + 5*p(i). Calculate l(-1).
34
Let g be 2/(-5)*(-240)/8. Suppose v + v = g. Let x(c) be the second derivative of -c**4/12 + c**3 - 5*c**2/2 - c. Give x(v).
-5
Let q(s) = -3 + s + 2*s**2 + 4 - s**2. Let n(a) = -10*a**2 - 6*a - 5. Let c(l) = -n(l) - 5*q(l). Let j = -57 - -58. Give c(j).
6
Suppose c + 12 = -4*a, 2*c - 5*a - 22 + 7 = 0. Let f = 0 + 6. Let o(v) = -v - 6. Let s(j) = j + 7. Let x(g) = f*s(g) + 7*o(g). What is x(c)?
0
Let w(i) be the first derivative of i**4/4 + 10*i**3/3 + 4*i**2 - 12*i - 22. Determine w(-9).
-3
Suppose 5*x + 7 = 32. Let p(k) = k**3 - 5*k**2 - 3. What is p(x)?
-3
Let c(t) = -t + 5. Suppose -10 = -12*b + 10*b. Suppose -j = -4*s + 20, 0 = b*s - 5*j - 9 - 16. Determine c(s).
0
Let p be 6*(24/(-9) + 2). Let m be ((-6)/p)/((-9)/(-12)). Let u(c) = -m + 2*c + 2. Calculate u(1).
2
Let r(y) = y**3 + 4*y**2 + 2*y - 2. Suppose 4*t - 46 = 58. Suppose -2*f - 12 = f, -t = -a + 5*f. Suppose c - 18 = 5*u, -c = -u - a + 4. Determine r(c).
2
Let l(j) = -j + 4. Let u(y) = 3*y. Let c be u(1). Suppose -c*f = -8 - 1. Suppose o - 1 = f. Calculate l(o).
0
Let t(q) = q**2 - 5*q. Suppose 7 = -4*p - 9. Let w(m) = -4*m + 1 + 0*m - m**2 + 13*m - 5*m. Let v(z) = p*w(z) - 3*t(z). Determine v(0).
-4
Let x(f) be the first derivative of -f**3/3 + 3*f**2/2 - f - 5. Calculate x(3).
-1
Let o be (-49)/(-14) + 1/(-2). Let c(r) = 4*r**2 + o + 2 + 2 - 5 + r**3 - 4*r. Determine c(-5).
-3
Let l(j) = -j**3 - 4*j**2 + 1. Let i(s) = s**2 + 10*s - 2. Let d be i(-10). Calculate l(d).
-7
Let j(u) = -u - 11. Let i be ((-2)/(-6))/(3/27). Suppose -i*t = 4*t. What is j(t)?
-11
Let u(g) = -7*g**2 - g**2 + 0*g**2. Suppose 5*b + 4 = -1. What is u(b)?
-8
Suppose -3*x = -n - 4*x, -3*n + 4*x + 28 = 0. Let a(i) = -3*i**2 - 10*i. Let r(o) = -4*o**2 - 11*o - 1. Let p(s) = n*r(s) - 5*a(s). Determine p(5).
1
Let h(z) = z**3 - 4*z**2 - 4*z - 7. Let m(p) = 3*p + 3. Let t(k) = -k. Let f(d) = -m(d) - 4*t(d). Let x be f(3). Suppose x*w + w - 5 = 0. What is h(w)?
-2
Let n(t) = -t**2 - 2*t + 4. Let u be n(-3). Let m be (u - -5)/(9/(-6)). Let j(k) = -k**3 - 3*k**2 + 4*k - 3. What is j(m)?
-3
Let j(r) = -r**2 - 4*r + 4. Let c be j(-5). Let o be 3 + 0 - (-1)/c. Let h(q) = 3*q - 6*q + 5*q**2 - 3*q**2 + q. Give h(o).
4
Let i be 1/((-3)/(5 + 34)). Let h(q) = -q - 13. What is h(i)?
0
Let l be 49/63 + 4/18. Suppose -4*b = 3*k + 2, 9 - l = k - 3*b. Let v(y) = 2*y**3 - 2*y**2 - 2. What is v(k)?
6
Let h be (1 + -2)/(-8 + 250/30). Let s(p) be the second derivative of -p**3/3 - 3*p**2/2 + p. Calculate s(h).
3
Let v(z) be the third derivative of z**4/8 + z**3/6 + 2*z**2 + 7*z. Calculate v(8).
25
Let j(q) = -2*q**2 + 7*q - 3. Let d be (-4)/14 - (-30)/7. Let y(a) = -2*a**2 + 8*a - 4. Let k(f) = d*y(f) - 5*j(f). What is k(3)?
8
Suppose 7 = 3*v - 8. Suppose -3*w + x = 3, 4*w - v*x - 4 = -x. Let s(m) = -2*m - 1. What is s(w)?
3
Let y be ((-2)/(-5))/((-2)/(-40)). Let v(n) = n**2 - 5*n - 9. Determine v(y).
15
Let u = 1 - -4. Let q = -1 + u. Let t(f) = 0*f - 2*f**2 - f - q + 6. Determine t(2).
-8
Let c(q) = -q. Let t be (-4 + 7)/(6/2) + 2. Determine c(t).
-3
Let g = 78 - 73. Let k(m) = -m**3 + 5*m**2. What is k(g)?
0
Let o(n) = n**2 + 9*n - 2. Let k be o(-10). Let h = 4 - k. Let a(q) = 2*q + 3. Determine a(h).
-5
Let w(n) be the second derivative of -n**3 + 25*n. Let j be (-6)/(-10) + 2/5. Give w(j).
-6
Let h(i) = -i - 7. Suppose 8*m = 2*c + 4*m + 34, -2*c - 5*m = -11. What is h(c)?
0
Suppose 0 = 4*q + 4*a - 12, -2*q + 3*a - 3 = 6. Let h(p) = p**2 - p + 8. Calculate h(q).
8
Let b(w) = 2*w - 2. Let n = -14 + 20. Calculate b(n).
10
Let w(v) = -v - 6. Let u be w(-8). Let b(f) = f**3 - 2*f**2 - f - 1. Let p be b(u). Let m(c) = 3*c + 3. Determine m(p).
-6
Suppose 6*j - j = -3*s - 14, -4*j = 4. Let n(x) = x**3 + 5*x**2 + 5*x + 4. Determine n(s).
7
Let m(d) = -d**2 - d + 6. Let v be m(0). Suppose -v*t = -t + 5. Let f(x) = -3*x - 1. Give f(t).
2
Suppose -10 = -3*h - c - c, 2*h + 6 = 5*c. Let p(s) be the first derivative of 4 - 1/2*s**2 + 0*s - 1/3*s**3 + 1/4*s**4. Give p(h).
2
Let k(u) = -190*u + 3 - 6 + 98*u + 95*u. What is k(-8)?
-27
Let m(k) = 65*k + 69*k - 133*k - 3. Calculate m(4).
1
Let v(j) = -j**3 + 6*j**2 - 10*j + 6. Let p be v(4). Let i(z) = z**2 + 3*z. Give i(p).
-2
Let n(a) = a**3 + 3*a**2 - 6*a - 6. Let u be n(-4). Suppose -5*v = 3*g - 35, u*g = -3*v + g + 17. Let z(j) = 3*j - 5. What is z(v)?
7
Suppose 5*b - 2*v = 10, 2*b + 8*v - 3*v - 4 = 0. Let z(q) = -2*q**b - q + 3 + 5*q - 6 + q. Calculate z(3).
-6
Let t(o) be the first derivative of o**3/3 + o**2/2 + 18. Let y = 6 - 5. Determine t(y).
2
Let u(a) = -a**2 + 6*a - 4. Let q = -7 - -12. Suppose -5 = -0*y - q*y. Let p be (5 + -2 + y)/1. Calculate u(p).
4
Let f(p) = -p**3 - 4*p**2 + p + 4. Let n be 0